ose -3*v - 5*b + 4 = q, 0*b + 8 = 4*b. Calculate p(v).
-2
Let n(t) be the second derivative of t**5/20 + 5*t**4/12 + 5*t**3/6 + 3*t**2 + 3*t. Suppose q + 4 = -0*q. What is n(q)?
2
Let p(w) = -w**2 - 1. Suppose 3*o = s - 20, s + o = 6*s - 30. Suppose 2*f - k = -3, -4*f + 3*k = -s*f - 12. Calculate p(f).
-10
Let r(h) be the first derivative of h**4/4 + 7*h**3/3 + 9*h**2/2 + 4*h + 40. Determine r(-6).
-14
Let l(i) = -i**3 + 9*i**2 - 6*i + 3. Let a(f) = -2*f**3 + 10*f**2 - 5*f + 3. Let r(n) = 2*a(n) - 3*l(n). Determine r(-8).
-3
Let z(m) = -14*m - 5 + 6*m - 1 - 4*m + m**2. What is z(12)?
-6
Let z(r) = -r + 2. Suppose p - 5*p = x - 48, 0 = 4*x. Let k be (-3 + 7/2)*p. Suppose 2*o - k*o = 16, -18 = -2*i + 3*o. What is z(i)?
-1
Let b = -126 + 120. Let t(l) = -l**3 - 5*l**2 + 5*l. What is t(b)?
6
Let d(r) = -r**2 + 0*r**2 - 3*r - 102 + 108. What is d(-5)?
-4
Let h(q) be the third derivative of -q**4/24 - 7*q**3/6 + 18*q**2. Calculate h(-5).
-2
Let m(y) = -y**3 - 6*y**2 - 3*y + 6. Let a be (-45)/(-6)*(-10)/15. Calculate m(a).
-4
Let c(j) = j**3 + 4*j**2 - j + 1. Suppose -5 = n - 2. Calculate c(n).
13
Let h(k) = k**3 - 9*k**2 + 8*k - 2. Let t be h(8). Let m = t + -2. Let b(z) = -z**3 - 4*z**2. Determine b(m).
0
Suppose 2*z + z = 18. Let m(x) = -x**3 + 2 - z*x**3 + 8*x**3 + 4*x**2. What is m(-4)?
2
Let x(q) be the third derivative of -q**4/6 + q**3 - 5*q**2. Give x(6).
-18
Let v(b) be the first derivative of -1 + 7/2*b**2 + b + 7/3*b**3 + 1/4*b**4. Give v(-6).
-5
Let f be 27/(-18)*1/(1/(-2)). Let m(n) = n**3 - 3*n**2 + 2*n - 2. What is m(f)?
4
Let n(z) be the third derivative of z**9/60480 + z**8/4032 + z**7/1260 + z**6/180 + z**5/30 + 2*z**2. Let b(r) be the third derivative of n(r). Calculate b(-4).
4
Let x(b) be the second derivative of b**5/60 - b**4/3 + b**3 - b**2/2 + b. Let j(s) be the first derivative of x(s). Give j(5).
-9
Let f = -3 - -5. Suppose 10 = 2*a + f*i, -6*i + 10 = -i. Let r(o) = -o**a + 5*o**2 + 0*o**3 - 2 - 2*o**2. Determine r(2).
2
Let o be (-16)/(-10) - 4/(-10). Let p(s) = s - 2*s + o*s. Give p(4).
4
Let g(y) = -y**3 + 7*y**2 - 4*y - 8. Let b be g(6). Suppose -4 - 8 = -b*i. Let a be 1*-3 - (3 - i). Let t(r) = -2*r**2 - 2*r + 4. Determine t(a).
-8
Let h(n) = n**3 + 4*n**2 + 5*n + 3. Let g be 0 + -2 - 15/(-5). Let l = -4 + g. Determine h(l).
-3
Suppose -l - 4 = -j - 2*l, 5*l = -j + 20. Let t(o) be the second derivative of o**5/20 - o**4/12 - o**3/6 - 3*o**2/2 + 28*o. Calculate t(j).
-3
Let y(d) = -d - 13 + 5 + 8. Give y(-5).
5
Let j = -5 - -2. Let n = 1 - j. Suppose -n*a + 0*p = -4*p - 4, -p - 7 = 2*a. Let u(f) = -f**2 - f + 2. What is u(a)?
0
Let s(h) be the second derivative of h**5/60 + h**4/12 - h**3/2 + h**2/2 - 4*h. Let l(m) be the first derivative of s(m). Determine l(-4).
5
Let c(x) be the third derivative of -x**4/8 + 5*x**3/6 - 3*x**2. Let f(d) = -2*d + 3. Let z = 4 - 0. Let b(s) = z*c(s) - 7*f(s). What is b(3)?
5
Suppose 3*h + h = -k - 29, -2*h - k - 17 = 0. Let u(y) = y**3 + 7*y**2 + 5*y - 3. Calculate u(h).
3
Let y(n) = 3*n**3 - 3*n**3 - n**3 + 1 + 4*n - 2*n**2. Let o be y(-3). Let s(c) = c**2 + 2*c. Determine s(o).
0
Let s(x) be the first derivative of x**4/6 - x**3/6 - x**2/2 - 2. Let z(v) be the second derivative of s(v). Determine z(-1).
-5
Let b(l) = 8*l**3 - 2*l**2 + 5*l + 4. Let d(m) = 9*m**3 - 2*m**2 + 6*m + 5. Let v(j) = 7*b(j) - 6*d(j). Calculate v(2).
4
Suppose -14 + 4 = p. Let z(s) = -s**3 - 11*s**2 - 11*s - 5. Calculate z(p).
5
Let m(s) = 4*s - 10*s + 3 + s. What is m(2)?
-7
Let p = -164 - -170. Let b(j) = 3*j + 3. Let y(s) = -7*s - 7. Let o(d) = 5*b(d) + 2*y(d). Calculate o(p).
7
Let v(g) = -2*g + 4. Let q = 42 + -38. What is v(q)?
-4
Suppose -o + 3 + 5 = 0. Suppose 12 = -3*k - k. Let w = o + k. Let q(b) = -b**2 + 7*b - 4. Give q(w).
6
Let o = -26 + -4. Let m be o/6*(2 + -1). Let f(k) = -2*k**3 - 5*k**2 - k**3 + 2*k**3 + 6. Give f(m).
6
Suppose 0*h = -5*h + 10. Let v(c) = -2*c**3 + 3*c - 1. Calculate v(h).
-11
Let r(i) = i**3 + 4*i**2 + 3*i + 6. Let n(m) = -m**2 - 4*m + 8. Suppose 2*y + 0 + 4 = -k, -y = k. Let w be (y - (-1 - -3))/1. Let z be n(w). Give r(z).
-6
Let v be 1 - (-1 + 0)*-6. Let y(x) be the second derivative of x**4/24 + x**3/2 + x**2 - 2*x. Let h(s) be the first derivative of y(s). What is h(v)?
-2
Let k(q) = 2*q - 1. Suppose -2*o + 5*n + 10 = 2*o, -10 = 4*o + 5*n. Let v be -5 - -5 - (o - 4). Let c(a) = -a**3 + 3*a**2 + 5*a - 3. Let p be c(v). Give k(p).
1
Let a be (-2 + 2)*(-2)/(-2). Let p(r) = -5*r**2 + 5*r - 13. Let g(c) = 14*c**2 - 14*c + 38. Let k(y) = 6*g(y) + 17*p(y). Calculate k(a).
7
Let n(a) = 2 + 5*a - 2*a + 4. Let g = -8 + 23. Suppose -3*d - g = -3. Determine n(d).
-6
Suppose -15 - 5 = -5*t. Let d(b) be the third derivative of -2/3*b**3 + 0 + 0*b + 1/24*b**t + 2*b**2. What is d(0)?
-4
Let h(k) = 123*k - 1 - 242*k + 117*k. Give h(4).
-9
Suppose -49 = -4*r - 3*c, -3*c + 5*c = -4*r + 46. Let p(h) = 2*h - 14. What is p(r)?
6
Let f(g) = -4*g - 3. Let c be f(-4). Let u = 8 - c. Let h(d) = -d**3 - 5*d**2 - 5. Calculate h(u).
-5
Let o(f) = -4*f**3 + 3*f**2 - 8*f + 6. Let a(q) = q**3 + q - 1. Let d(t) = 5*a(t) + o(t). What is d(-4)?
-3
Suppose -u - 9 = 2*u. Let q be (-1 - -2) + (u - 0). Let c(l) = l + 2. What is c(q)?
0
Suppose 0 = 3*a + 4*l - l + 9, 2*a + 5*l = -18. Let v(x) = 10*x**3 + x - 1. Determine v(a).
10
Let k(x) be the third derivative of -x**5/60 + x**4/3 - 5*x**3/6 - 10*x**2. Give k(7).
2
Let c(k) = k**2 - 6*k. Let z be (-2)/3 + 20/3. Calculate c(z).
0
Let g(m) = 7*m**2 + 5*m - 19. Let d(i) = 3*i**2 + 3*i - 9. Let z(u) = -5*d(u) + 2*g(u). What is z(-6)?
1
Let n be 7*((-12)/3 + 3). Let t(p) = -p**2 - 6*p + 8. Give t(n).
1
Let n(q) be the first derivative of q**4/4 - 2*q**3/3 - 2*q**2 - 3*q - 16. What is n(-2)?
-11
Let w(z) = z + 2. Let h(f) = -7*f - 15. Let v(b) = h(b) + 6*w(b). Determine v(7).
-10
Suppose 65*l - 30 = 62*l. Let j(g) = -g**3 + 9*g**2 + 11*g - 15. Calculate j(l).
-5
Let t(h) = -7*h**3 + 2*h**2 + h. Suppose c = -3, o - c = -0*o + 2. Let u be t(o). Let n = u + -5. Let d(g) = g**3 - 3*g**2 + 2*g. Calculate d(n).
6
Let i be 16/(-40)*(0 + 5). Let c(f) be the first derivative of -f**4/4 - 2*f**3/3 - f**2 + f + 7. Calculate c(i).
5
Let z = -21 + 22. Let g(u) = 3*u. What is g(z)?
3
Suppose 29 + 13 = 7*h. Let n(d) = d**2 - 4*d - 4. Calculate n(h).
8
Let i(z) = -2*z**2 + 3*z + 2 + 3*z**2 - 2*z - 3*z**2. Suppose -2*v + 4 = -n, -3*n - 19 = -0*n + v. Let p be 8/(n/(-3)) - 2. What is i(p)?
-4
Let m(i) = -i + 0 - 2 - 2*i - 1. Give m(4).
-15
Let h(q) = 1. Let s(y) be the second derivative of -y**3/2 - 9*y**2 - 3*y. Let x(n) = -15*h(n) - s(n). Suppose 5*k = 2*k - 12. Give x(k).
-9
Let m(k) = -2*k - 9. Suppose -2*x = 4, 3*u - 2*x = 2*x + 101. Suppose 36 = -4*c - 2*v + 4, -5*c = -2*v + u. Let g be (-2)/((-2)/1) + c. Give m(g).
3
Let h = -4 + 7. Let w(o) = -4 + o + 0 - h. Determine w(0).
-7
Let m(d) = 10*d + 1. Let x be 3/((-66)/40) - (-168)/(-924). Give m(x).
-19
Let f(y) = -13*y + 25*y + 4*y**2 + y**3 + y**2 + 5 - 18*y. Let a = -16 - -10. Calculate f(a).
5
Let f be ((-2 - 1) + 0)/(21/(-35)). Let n(y) = -2*y + 7. Give n(f).
-3
Let i(g) = -g**2 - 8*g - 8. Suppose -19 = 3*k - 1. Calculate i(k).
4
Let a(x) = x**3 - x - 1. Let b(l) = l**3 + 7*l**2 - 3*l - 1. Let z(k) = 2*a(k) - b(k). Let y be z(7). Let d(p) = -y + 2 - 1 - p. Determine d(-3).
-2
Let r(n) = 2*n - 1. Let g(j) be the third derivative of j**6/120 + 2*j**5/15 + j**4/3 + 4*j**3/3 + 2*j**2. Let a be g(-7). Determine r(a).
1
Let m(u) = -u**2 + 4*u - 6. Suppose 5*k = -10, -5*l - k = -4*k - 26. Calculate m(l).
-6
Let b be -4 - 4/(-12)*3. Let d(w) = -w**3 - 3*w**2 + 2*w - 2. What is d(b)?
-8
Let c(j) = -6 - 6 + j - 3 + 4. Determine c(5).
-6
Suppose 6*r = r - 30. Let n = 3 + r. Let x(u) = -3 + 0 + 3*u - 4*u. Calculate x(n).
0
Let o(d) = d**2 - 6*d - 5. Suppose 3*p = 7*g - 3*g + 1, p + 2*g - 17 = 0. Determine o(p).
2
Let p(y) = -y + 4*y - 2 + 4*y - 2 - y**2. Determine p(4).
8
Let y(r) be the first derivative of -r**4/4 - 7*r**3/3 - 3*r**2 - 5*r - 10. Give y(-6).
-5
Let j(g) be the third derivative of -g**7/840 - g**6/360 + g**5/120 - g**4/24 - g**3/3 + 4*g**2. Let z(d) be the first derivative of j(d). Calculate z(0).
-1
Let d(y) = -y + 1. Let f(t) = 10 - 3 - 2. Suppose -5 = -3*x - 2. Let v(b) = x*d(b) + f(b). Determine v(6).
0
Let